{"id":2092,"date":"2021-08-22T11:53:37","date_gmt":"2021-08-22T09:53:37","guid":{"rendered":"https:\/\/www.mirus.at\/?page_id=2092"},"modified":"2021-08-22T11:53:39","modified_gmt":"2021-08-22T09:53:39","slug":"bde-2021-anreise","status":"publish","type":"page","link":"https:\/\/old.mirus.at\/index.php\/bde-2021-anreise\/","title":{"rendered":"BDE 2021 &#8211; Anreise"},"content":{"rendered":"\n<p>Um etwa 5 geht es los in Richtung Flughafen. Der Verkehr ist relativ smooth, daher kommen wir ca. eine Stunde vor der \u00d6ffnung des Check-In-Schalters an, wir haben also einen guten Platz in der Schlange. Nach den \u00fcblichen Sicherheitschecks betreten wir den Flieger der Air Cairo. Alles sieht ziemlich nach Billigfluglinie aus &#8211; vom Logo \u00fcber die Sitzbez\u00fcge bis hin zur Beinfreiheit. Wir bekommen allerdings sogar zu essen &#8211; viel aber nicht sehr gut\u2026<br>Gegen eins in der Nacht landen wir, allerdings ist die Kofferausgabe sehr langsam und es dauert eine gef\u00fchlte Ewigkeit bis wir unsere insgesamt f\u00fcnf Koffer erhalten. Dann f\u00fchrt uns eine kurze Autofahrt zum Hafen in Hurghada, wo wir nach kurzem Ausr\u00e4umen unserer Koffer gegen 3 endlich schlafen gehen k\u00f6nnen &#8211; um 7 werden wir n\u00e4mlich schon wieder geweckt.<\/p>\n","protected":false},"excerpt":{"rendered":"<p>Um etwa 5 geht es los in Richtung Flughafen. Der Verkehr ist relativ smooth, daher kommen wir ca. eine Stunde&hellip; <\/p>\n","protected":false},"author":1,"featured_media":0,"parent":0,"menu_order":0,"comment_status":"closed","ping_status":"closed","template":"","meta":{"spay_email":""},"_links":{"self":[{"href":"https:\/\/old.mirus.at\/index.php\/wp-json\/wp\/v2\/pages\/2092"}],"collection":[{"href":"https:\/\/old.mirus.at\/index.php\/wp-json\/wp\/v2\/pages"}],"about":[{"href":"https:\/\/old.mirus.at\/index.php\/wp-json\/wp\/v2\/types\/page"}],"author":[{"embeddable":true,"href":"https:\/\/old.mirus.at\/index.php\/wp-json\/wp\/v2\/users\/1"}],"replies":[{"embeddable":true,"href":"https:\/\/old.mirus.at\/index.php\/wp-json\/wp\/v2\/comments?post=2092"}],"version-history":[{"count":1,"href":"https:\/\/old.mirus.at\/index.php\/wp-json\/wp\/v2\/pages\/2092\/revisions"}],"predecessor-version":[{"id":2093,"href":"https:\/\/old.mirus.at\/index.php\/wp-json\/wp\/v2\/pages\/2092\/revisions\/2093"}],"wp:attachment":[{"href":"https:\/\/old.mirus.at\/index.php\/wp-json\/wp\/v2\/media?parent=2092"}],"curies":[{"name":"wp","href":"https:\/\/api.w.org\/{rel}","templated":true}]}}