{"id":2083,"date":"2021-08-22T11:33:16","date_gmt":"2021-08-22T09:33:16","guid":{"rendered":"https:\/\/www.mirus.at\/?page_id=2083"},"modified":"2021-08-22T11:33:25","modified_gmt":"2021-08-22T09:33:25","slug":"bde-2021-tag-5","status":"publish","type":"page","link":"https:\/\/old.mirus.at\/index.php\/bde-2021-tag-5\/","title":{"rendered":"BDE 2021 &#8211; Tag 5 &#8211; Elphinstone"},"content":{"rendered":"\n<p>Wir werden wieder um 5 in der Fr\u00fch geweckt, heute f\u00fchle ich mich besonders m\u00fcde. Es geht zum Nordplateau von Elphinstone, wo oft Haie anzutreffen sind. Diesmal ist jedoch nichts los und wir kehren um. Die Str\u00f6mung verl\u00e4uft sehr g\u00fcnstig und wir machen einen entspannten Drift zur\u00fcck zum Boot, dass im S\u00fcden des Riffs liegt. (Unser Guide sagt, dass ers vorher noch nie vom Nordplateau zum Boot zur\u00fcckgeschafft hat.) Da ich die Kamera nicht mithatte, um Luft zu sparen, geht sich das auch f\u00fcr mich sehr gut aus.<br>Nach dem Tauchgang f\u00fchle ich mich noch m\u00fcder als sonst und beschlie\u00dfe, den n\u00e4chsten auszulassen und mich etwas hinzulegen. Als ich aufstehe f\u00fchle ich mich noch schlechter als vorher und messe Fieber &#8211; ich habe 38\u00b0C&#8230; Nach einem sehr schnellen Mittagessen mache ich einen COVID-Schnelltest, der negativ ist, mein Fieber ist auch schon auf eine erh\u00f6hte Temperatur von etwa 37,5\u00b0C hinabgegangen. Ich gebe dem Guide Bescheid, dass ich die n\u00e4chsten Tauchg\u00e4nge auslassen muss und er misst auch nochmal Temperatur (das muss sowieso jeden Tag als COVID-Ma\u00dfnahme gemacht werden), er kann keine erh\u00f6hte Temperatur feststellen, also bin ich etwas zuversichtlicher, dass sich das schnell wieder geben wird. Ich nehme eine Tablette und stelle mich auf einen gem\u00fctlichen Tag am Sonnendeck ein. <br>Die hatten als zweiten Tauchgang das S\u00fcdplateau von Elphinstone und dann Marsa Shouna, den ich schon vom letzten Mal Tauchsafari kenne. <em>Angeblich<\/em> habe ich ich nichts verpasst. Der letzte Tauchgang ist der einzige Nachttauchgang der Woche (da weder auf den Brothers noch auf Daedalus Nachttauchg\u00e4nge erlaubt sind), mir wird erz\u00e4hlt dass auch hier nicht viel passiert ist.<\/p>\n\n\n\n<p>Hier die Fotos von Papa:<\/p>\n\n\n\t\t\t<style>\r\n                #foogallery-gallery-2065.fg-justified .fg-item {\r\n                    margin-right: 2px;\r\n                    margin-bottom: 2px;\r\n                }\r\n\r\n                #foogallery-gallery-2065.fg-justified .fg-image {\r\n                    height: 200px;\r\n                }\r\n\t\t\t<\/style>\r\n\t\t\t<div class=\"foogallery foogallery-container foogallery-justified foogallery-lightbox-none fg-justified fg-light fg-shadow-outline fg-loading-default fg-loaded-fade-in fg-caption-always fg-hover-fade fg-hover-zoom2 fg-ready\" id=\"foogallery-gallery-2065\" data-foogallery=\"{&quot;item&quot;:{&quot;showCaptionTitle&quot;:true,&quot;showCaptionDescription&quot;:false},&quot;lazy&quot;:true,&quot;template&quot;:{&quot;rowHeight&quot;:200,&quot;maxRowHeight&quot;:300,&quot;margins&quot;:2,&quot;align&quot;:&quot;center&quot;,&quot;lastRow&quot;:&quot;smart&quot;}}\" >\r\n\t<div class=\"fg-item fg-type-image fg-idle\"><figure class=\"fg-item-inner\"><a href=\"https:\/\/old.mirus.at\/wp-content\/uploads\/2021\/08\/DSC01297-scaled.jpg\" data-attachment-id=\"2066\" class=\"fg-thumb\"><span class=\"fg-image-wrap\"><img height=\"300\" width=\"450\" class=\"skip-lazy fg-image\" data-src-fg=\"https:\/\/old.mirus.at\/wp-content\/uploads\/cache\/2021\/08\/DSC01297-scaled\/110964369.jpg\" src=\"data:image\/svg+xml,%3Csvg%20xmlns%3D%22http%3A%2F%2Fwww.w3.org%2F2000%2Fsvg%22%20width%3D%22450%22%20height%3D%22300%22%20viewBox%3D%220%200%20450%20300%22%3E%3C%2Fsvg%3E\" \/><\/span><span class=\"fg-image-overlay\"><\/span><\/a><figcaption class=\"fg-caption\"><div class=\"fg-caption-inner\"><\/div><\/figcaption><\/figure><div class=\"fg-loader\"><\/div><\/div><div class=\"fg-item fg-type-image fg-idle\"><figure class=\"fg-item-inner\"><a href=\"https:\/\/old.mirus.at\/wp-content\/uploads\/2021\/08\/DSC01299-scaled.jpg\" data-attachment-id=\"2067\" class=\"fg-thumb\"><span class=\"fg-image-wrap\"><img height=\"300\" width=\"450\" class=\"skip-lazy fg-image\" data-src-fg=\"https:\/\/old.mirus.at\/wp-content\/uploads\/cache\/2021\/08\/DSC01299-scaled\/895446267.jpg\" src=\"data:image\/svg+xml,%3Csvg%20xmlns%3D%22http%3A%2F%2Fwww.w3.org%2F2000%2Fsvg%22%20width%3D%22450%22%20height%3D%22300%22%20viewBox%3D%220%200%20450%20300%22%3E%3C%2Fsvg%3E\" \/><\/span><span class=\"fg-image-overlay\"><\/span><\/a><figcaption class=\"fg-caption\"><div class=\"fg-caption-inner\"><\/div><\/figcaption><\/figure><div class=\"fg-loader\"><\/div><\/div><div class=\"fg-item fg-type-image fg-idle\"><figure class=\"fg-item-inner\"><a href=\"https:\/\/old.mirus.at\/wp-content\/uploads\/2021\/08\/DSC01301-scaled.jpg\" data-attachment-id=\"2068\" class=\"fg-thumb\"><span class=\"fg-image-wrap\"><img height=\"300\" width=\"450\" class=\"skip-lazy fg-image\" data-src-fg=\"https:\/\/old.mirus.at\/wp-content\/uploads\/cache\/2021\/08\/DSC01301-scaled\/2544969410.jpg\" src=\"data:image\/svg+xml,%3Csvg%20xmlns%3D%22http%3A%2F%2Fwww.w3.org%2F2000%2Fsvg%22%20width%3D%22450%22%20height%3D%22300%22%20viewBox%3D%220%200%20450%20300%22%3E%3C%2Fsvg%3E\" \/><\/span><span class=\"fg-image-overlay\"><\/span><\/a><figcaption class=\"fg-caption\"><div class=\"fg-caption-inner\"><\/div><\/figcaption><\/figure><div class=\"fg-loader\"><\/div><\/div><div class=\"fg-item fg-type-image fg-idle\"><figure class=\"fg-item-inner\"><a href=\"https:\/\/old.mirus.at\/wp-content\/uploads\/2021\/08\/DSC01302-scaled.jpg\" data-attachment-id=\"2069\" class=\"fg-thumb\"><span class=\"fg-image-wrap\"><img height=\"300\" width=\"450\" class=\"skip-lazy fg-image\" data-src-fg=\"https:\/\/old.mirus.at\/wp-content\/uploads\/cache\/2021\/08\/DSC01302-scaled\/1484592804.jpg\" src=\"data:image\/svg+xml,%3Csvg%20xmlns%3D%22http%3A%2F%2Fwww.w3.org%2F2000%2Fsvg%22%20width%3D%22450%22%20height%3D%22300%22%20viewBox%3D%220%200%20450%20300%22%3E%3C%2Fsvg%3E\" \/><\/span><span class=\"fg-image-overlay\"><\/span><\/a><figcaption class=\"fg-caption\"><div class=\"fg-caption-inner\"><\/div><\/figcaption><\/figure><div class=\"fg-loader\"><\/div><\/div><div class=\"fg-item fg-type-image fg-idle\"><figure class=\"fg-item-inner\"><a href=\"https:\/\/old.mirus.at\/wp-content\/uploads\/2021\/08\/DSC01307-scaled.jpg\" data-attachment-id=\"2070\" class=\"fg-thumb\"><span class=\"fg-image-wrap\"><img height=\"300\" width=\"450\" class=\"skip-lazy fg-image\" data-src-fg=\"https:\/\/old.mirus.at\/wp-content\/uploads\/cache\/2021\/08\/DSC01307-scaled\/2074247458.jpg\" src=\"data:image\/svg+xml,%3Csvg%20xmlns%3D%22http%3A%2F%2Fwww.w3.org%2F2000%2Fsvg%22%20width%3D%22450%22%20height%3D%22300%22%20viewBox%3D%220%200%20450%20300%22%3E%3C%2Fsvg%3E\" \/><\/span><span class=\"fg-image-overlay\"><\/span><\/a><figcaption class=\"fg-caption\"><div class=\"fg-caption-inner\"><\/div><\/figcaption><\/figure><div class=\"fg-loader\"><\/div><\/div><div class=\"fg-item fg-type-image fg-idle\"><figure class=\"fg-item-inner\"><a href=\"https:\/\/old.mirus.at\/wp-content\/uploads\/2021\/08\/DSC01309-scaled.jpg\" data-attachment-id=\"2071\" class=\"fg-thumb\"><span class=\"fg-image-wrap\"><img height=\"300\" width=\"450\" class=\"skip-lazy fg-image\" data-src-fg=\"https:\/\/old.mirus.at\/wp-content\/uploads\/cache\/2021\/08\/DSC01309-scaled\/1214301000.jpg\" src=\"data:image\/svg+xml,%3Csvg%20xmlns%3D%22http%3A%2F%2Fwww.w3.org%2F2000%2Fsvg%22%20width%3D%22450%22%20height%3D%22300%22%20viewBox%3D%220%200%20450%20300%22%3E%3C%2Fsvg%3E\" \/><\/span><span class=\"fg-image-overlay\"><\/span><\/a><figcaption class=\"fg-caption\"><div class=\"fg-caption-inner\"><\/div><\/figcaption><\/figure><div class=\"fg-loader\"><\/div><\/div><div class=\"fg-item fg-type-image fg-idle\"><figure class=\"fg-item-inner\"><a href=\"https:\/\/old.mirus.at\/wp-content\/uploads\/2021\/08\/DSC01313-scaled.jpg\" data-attachment-id=\"2072\" class=\"fg-thumb\"><span class=\"fg-image-wrap\"><img height=\"300\" width=\"450\" class=\"skip-lazy fg-image\" data-src-fg=\"https:\/\/old.mirus.at\/wp-content\/uploads\/cache\/2021\/08\/DSC01313-scaled\/967165871.jpg\" src=\"data:image\/svg+xml,%3Csvg%20xmlns%3D%22http%3A%2F%2Fwww.w3.org%2F2000%2Fsvg%22%20width%3D%22450%22%20height%3D%22300%22%20viewBox%3D%220%200%20450%20300%22%3E%3C%2Fsvg%3E\" \/><\/span><span class=\"fg-image-overlay\"><\/span><\/a><figcaption class=\"fg-caption\"><div class=\"fg-caption-inner\"><\/div><\/figcaption><\/figure><div class=\"fg-loader\"><\/div><\/div><\/div>\r\n","protected":false},"excerpt":{"rendered":"<p>Wir werden wieder um 5 in der Fr\u00fch geweckt, heute f\u00fchle ich mich besonders m\u00fcde. Es geht zum Nordplateau von&hellip; <\/p>\n","protected":false},"author":1,"featured_media":0,"parent":0,"menu_order":0,"comment_status":"closed","ping_status":"closed","template":"","meta":{"spay_email":""},"_links":{"self":[{"href":"https:\/\/old.mirus.at\/index.php\/wp-json\/wp\/v2\/pages\/2083"}],"collection":[{"href":"https:\/\/old.mirus.at\/index.php\/wp-json\/wp\/v2\/pages"}],"about":[{"href":"https:\/\/old.mirus.at\/index.php\/wp-json\/wp\/v2\/types\/page"}],"author":[{"embeddable":true,"href":"https:\/\/old.mirus.at\/index.php\/wp-json\/wp\/v2\/users\/1"}],"replies":[{"embeddable":true,"href":"https:\/\/old.mirus.at\/index.php\/wp-json\/wp\/v2\/comments?post=2083"}],"version-history":[{"count":2,"href":"https:\/\/old.mirus.at\/index.php\/wp-json\/wp\/v2\/pages\/2083\/revisions"}],"predecessor-version":[{"id":2085,"href":"https:\/\/old.mirus.at\/index.php\/wp-json\/wp\/v2\/pages\/2083\/revisions\/2085"}],"wp:attachment":[{"href":"https:\/\/old.mirus.at\/index.php\/wp-json\/wp\/v2\/media?parent=2083"}],"curies":[{"name":"wp","href":"https:\/\/api.w.org\/{rel}","templated":true}]}}