{"id":1169,"date":"2019-08-31T21:02:14","date_gmt":"2019-08-31T19:02:14","guid":{"rendered":"http:\/\/mirus.at\/?page_id=1169"},"modified":"2019-08-31T21:02:16","modified_gmt":"2019-08-31T19:02:16","slug":"gozo-2019-tag-8-31-8-2019","status":"publish","type":"page","link":"https:\/\/old.mirus.at\/index.php\/gozo-2019-tag-8-31-8-2019\/","title":{"rendered":"Gozo 2019 &#8211; Tag 8 &#8211; 31.8.2019"},"content":{"rendered":"<p>Das war&#8217;s auch schon wieder, heute war der letzte Tauchtag. Es war ein w\u00fcrdiges Ende, wir waren an zwei Pl\u00e4tzen, die wir noch nicht kannten. Der erste war \u00fcberhaupt ein Tauchplatz, der nichtmal auf der Liste unseres Tauchcenters steht, Ta Cewla. Dort gibt es viele H\u00f6hlen, unter anderem eine mit einem Eingang bei ca. 30m und einem anderen bei ca 10m, wo das Licht wieder sehr sch\u00f6n von au\u00dfen hereinleuchtet. Der zweite war San Dimitri, wo es ein Plateau gibt mit einer Schlucht daneben, in der Boulder liegen, unter denen man auch durchtauchen kann. Dort haben wir viele Tiere gesehen, unter anderem eine Mor\u00e4ne, einen B\u00e4renkrebs und Baracudas.<br \/>\nAm Ende sind wie gewohnt die Bilder von Papas W300.<\/p>\n\t\t\t<style>\r\n                #foogallery-gallery-1146.fg-justified .fg-item {\r\n                    margin-right: 1px;\r\n                    margin-bottom: 1px;\r\n                }\r\n\r\n                #foogallery-gallery-1146.fg-justified .fg-image {\r\n                    height: 150px;\r\n                }\r\n\t\t\t<\/style>\r\n\t\t\t<div class=\"foogallery foogallery-container foogallery-justified foogallery-lightbox-none fg-justified fg-light fg-border-thin fg-shadow-outline fg-loading-default fg-loaded-fade-in fg-caption-hover fg-hover-fade fg-hover-zoom fg-ready\" id=\"foogallery-gallery-1146\" data-foogallery=\"{&quot;item&quot;:{&quot;showCaptionTitle&quot;:true,&quot;showCaptionDescription&quot;:true},&quot;lazy&quot;:false,&quot;src&quot;:&quot;src&quot;,&quot;srcset&quot;:&quot;srcset&quot;,&quot;template&quot;:{&quot;rowHeight&quot;:150,&quot;maxRowHeight&quot;:300,&quot;margins&quot;:1,&quot;align&quot;:&quot;center&quot;,&quot;lastRow&quot;:&quot;smart&quot;}}\" >\r\n\t<div class=\"fg-item fg-type-image fg-loaded\"><figure class=\"fg-item-inner\"><a href=\"https:\/\/old.mirus.at\/wp-content\/uploads\/2019\/08\/DSC00571.jpg\" data-attachment-id=\"1147\" class=\"fg-thumb\"><span class=\"fg-image-wrap\"><img src=\"https:\/\/old.mirus.at\/wp-content\/uploads\/cache\/2019\/08\/DSC00571\/3757215606.jpg\" height=\"300\" width=\"450\" class=\"skip-lazy fg-image\" \/><\/span><span class=\"fg-image-overlay\"><\/span><\/a><figcaption class=\"fg-caption\"><div class=\"fg-caption-inner\"><\/div><\/figcaption><\/figure><div class=\"fg-loader\"><\/div><\/div><div class=\"fg-item fg-type-image fg-loaded\"><figure class=\"fg-item-inner\"><a href=\"https:\/\/old.mirus.at\/wp-content\/uploads\/2019\/08\/DSC00574.jpg\" data-attachment-id=\"1148\" class=\"fg-thumb\"><span class=\"fg-image-wrap\"><img src=\"https:\/\/old.mirus.at\/wp-content\/uploads\/cache\/2019\/08\/DSC00574\/2923851977.jpg\" height=\"300\" width=\"200\" class=\"skip-lazy fg-image\" \/><\/span><span class=\"fg-image-overlay\"><\/span><\/a><figcaption class=\"fg-caption\"><div class=\"fg-caption-inner\"><\/div><\/figcaption><\/figure><div class=\"fg-loader\"><\/div><\/div><div class=\"fg-item fg-type-image fg-loaded\"><figure class=\"fg-item-inner\"><a href=\"https:\/\/old.mirus.at\/wp-content\/uploads\/2019\/08\/DSC00584-Bearbeitet.jpg\" data-attachment-id=\"1149\" class=\"fg-thumb\"><span class=\"fg-image-wrap\"><img src=\"https:\/\/old.mirus.at\/wp-content\/uploads\/cache\/2019\/08\/DSC00584-Bearbeitet\/3253859869.jpg\" height=\"300\" width=\"200\" class=\"skip-lazy fg-image\" \/><\/span><span class=\"fg-image-overlay\"><\/span><\/a><figcaption class=\"fg-caption\"><div class=\"fg-caption-inner\"><\/div><\/figcaption><\/figure><div class=\"fg-loader\"><\/div><\/div><div class=\"fg-item fg-type-image fg-loaded\"><figure class=\"fg-item-inner\"><a href=\"https:\/\/old.mirus.at\/wp-content\/uploads\/2019\/08\/DSC00587.jpg\" data-attachment-id=\"1150\" class=\"fg-thumb\"><span class=\"fg-image-wrap\"><img src=\"https:\/\/old.mirus.at\/wp-content\/uploads\/cache\/2019\/08\/DSC00587\/3690110356.jpg\" height=\"300\" width=\"450\" class=\"skip-lazy fg-image\" \/><\/span><span class=\"fg-image-overlay\"><\/span><\/a><figcaption class=\"fg-caption\"><div class=\"fg-caption-inner\"><\/div><\/figcaption><\/figure><div class=\"fg-loader\"><\/div><\/div><div class=\"fg-item fg-type-image fg-loaded\"><figure class=\"fg-item-inner\"><a href=\"https:\/\/old.mirus.at\/wp-content\/uploads\/2019\/08\/DSC00592.jpg\" data-attachment-id=\"1151\" class=\"fg-thumb\"><span class=\"fg-image-wrap\"><img src=\"https:\/\/old.mirus.at\/wp-content\/uploads\/cache\/2019\/08\/DSC00592\/1543107108.jpg\" height=\"300\" width=\"450\" class=\"skip-lazy fg-image\" \/><\/span><span class=\"fg-image-overlay\"><\/span><\/a><figcaption class=\"fg-caption\"><div class=\"fg-caption-inner\"><\/div><\/figcaption><\/figure><div class=\"fg-loader\"><\/div><\/div><div class=\"fg-item fg-type-image fg-loaded\"><figure class=\"fg-item-inner\"><a href=\"https:\/\/old.mirus.at\/wp-content\/uploads\/2019\/08\/DSC00604-1.jpg\" data-attachment-id=\"1152\" class=\"fg-thumb\"><span class=\"fg-image-wrap\"><img src=\"https:\/\/old.mirus.at\/wp-content\/uploads\/cache\/2019\/08\/DSC00604-1\/525826022.jpg\" height=\"300\" width=\"375\" class=\"skip-lazy fg-image\" \/><\/span><span class=\"fg-image-overlay\"><\/span><\/a><figcaption class=\"fg-caption\"><div class=\"fg-caption-inner\"><\/div><\/figcaption><\/figure><div class=\"fg-loader\"><\/div><\/div><div class=\"fg-item fg-type-image fg-loaded\"><figure class=\"fg-item-inner\"><a href=\"https:\/\/old.mirus.at\/wp-content\/uploads\/2019\/08\/DSC00613-1.jpg\" data-attachment-id=\"1153\" class=\"fg-thumb\"><span class=\"fg-image-wrap\"><img src=\"https:\/\/old.mirus.at\/wp-content\/uploads\/cache\/2019\/08\/DSC00613-1\/577435041.jpg\" height=\"300\" width=\"200\" class=\"skip-lazy fg-image\" \/><\/span><span class=\"fg-image-overlay\"><\/span><\/a><figcaption class=\"fg-caption\"><div class=\"fg-caption-inner\"><\/div><\/figcaption><\/figure><div class=\"fg-loader\"><\/div><\/div><div class=\"fg-item fg-type-image fg-loaded\"><figure class=\"fg-item-inner\"><a href=\"https:\/\/old.mirus.at\/wp-content\/uploads\/2019\/08\/DSC00625.jpg\" data-attachment-id=\"1154\" class=\"fg-thumb\"><span class=\"fg-image-wrap\"><img src=\"https:\/\/old.mirus.at\/wp-content\/uploads\/cache\/2019\/08\/DSC00625\/795701674.jpg\" height=\"300\" width=\"450\" class=\"skip-lazy fg-image\" \/><\/span><span class=\"fg-image-overlay\"><\/span><\/a><figcaption class=\"fg-caption\"><div class=\"fg-caption-inner\"><\/div><\/figcaption><\/figure><div class=\"fg-loader\"><\/div><\/div><div class=\"fg-item fg-type-image fg-loaded\"><figure class=\"fg-item-inner\"><a href=\"https:\/\/old.mirus.at\/wp-content\/uploads\/2019\/08\/DSC00635-1.jpg\" data-attachment-id=\"1155\" class=\"fg-thumb\"><span class=\"fg-image-wrap\"><img src=\"https:\/\/old.mirus.at\/wp-content\/uploads\/cache\/2019\/08\/DSC00635-1\/846965283.jpg\" height=\"300\" width=\"450\" class=\"skip-lazy fg-image\" \/><\/span><span class=\"fg-image-overlay\"><\/span><\/a><figcaption class=\"fg-caption\"><div class=\"fg-caption-inner\"><\/div><\/figcaption><\/figure><div class=\"fg-loader\"><\/div><\/div><div class=\"fg-item fg-type-image fg-loaded\"><figure class=\"fg-item-inner\"><a href=\"https:\/\/old.mirus.at\/wp-content\/uploads\/2019\/08\/DSC00639.jpg\" data-attachment-id=\"1156\" class=\"fg-thumb\"><span class=\"fg-image-wrap\"><img src=\"https:\/\/old.mirus.at\/wp-content\/uploads\/cache\/2019\/08\/DSC00639\/199794121.jpg\" height=\"300\" width=\"450\" class=\"skip-lazy fg-image\" \/><\/span><span class=\"fg-image-overlay\"><\/span><\/a><figcaption class=\"fg-caption\"><div class=\"fg-caption-inner\"><\/div><\/figcaption><\/figure><div class=\"fg-loader\"><\/div><\/div><div class=\"fg-item fg-type-image fg-loaded\"><figure class=\"fg-item-inner\"><a href=\"https:\/\/old.mirus.at\/wp-content\/uploads\/2019\/08\/DSC00643.jpg\" data-attachment-id=\"1157\" class=\"fg-thumb\"><span class=\"fg-image-wrap\"><img src=\"https:\/\/old.mirus.at\/wp-content\/uploads\/cache\/2019\/08\/DSC00643\/567908703.jpg\" height=\"300\" width=\"450\" class=\"skip-lazy fg-image\" \/><\/span><span class=\"fg-image-overlay\"><\/span><\/a><figcaption class=\"fg-caption\"><div class=\"fg-caption-inner\"><\/div><\/figcaption><\/figure><div class=\"fg-loader\"><\/div><\/div><div class=\"fg-item fg-type-image fg-loaded\"><figure class=\"fg-item-inner\"><a href=\"https:\/\/old.mirus.at\/wp-content\/uploads\/2019\/08\/DSC00649.jpg\" data-attachment-id=\"1158\" class=\"fg-thumb\"><span class=\"fg-image-wrap\"><img src=\"https:\/\/old.mirus.at\/wp-content\/uploads\/cache\/2019\/08\/DSC00649\/2303554636.jpg\" height=\"300\" width=\"200\" class=\"skip-lazy fg-image\" \/><\/span><span class=\"fg-image-overlay\"><\/span><\/a><figcaption class=\"fg-caption\"><div class=\"fg-caption-inner\"><\/div><\/figcaption><\/figure><div class=\"fg-loader\"><\/div><\/div><div class=\"fg-item fg-type-image fg-loaded\"><figure class=\"fg-item-inner\"><a href=\"https:\/\/old.mirus.at\/wp-content\/uploads\/2019\/08\/DSC00655.jpg\" data-attachment-id=\"1159\" class=\"fg-thumb\"><span class=\"fg-image-wrap\"><img src=\"https:\/\/old.mirus.at\/wp-content\/uploads\/cache\/2019\/08\/DSC00655\/369688791.jpg\" height=\"300\" width=\"450\" class=\"skip-lazy fg-image\" \/><\/span><span class=\"fg-image-overlay\"><\/span><\/a><figcaption class=\"fg-caption\"><div class=\"fg-caption-inner\"><\/div><\/figcaption><\/figure><div class=\"fg-loader\"><\/div><\/div><div class=\"fg-item fg-type-image fg-loaded\"><figure class=\"fg-item-inner\"><a href=\"https:\/\/old.mirus.at\/wp-content\/uploads\/2019\/08\/DSC00659.jpg\" data-attachment-id=\"1160\" class=\"fg-thumb\"><span class=\"fg-image-wrap\"><img src=\"https:\/\/old.mirus.at\/wp-content\/uploads\/cache\/2019\/08\/DSC00659\/1742563396.jpg\" height=\"300\" width=\"450\" class=\"skip-lazy fg-image\" \/><\/span><span class=\"fg-image-overlay\"><\/span><\/a><figcaption class=\"fg-caption\"><div class=\"fg-caption-inner\"><\/div><\/figcaption><\/figure><div class=\"fg-loader\"><\/div><\/div><div class=\"fg-item fg-type-image fg-loaded\"><figure class=\"fg-item-inner\"><a href=\"https:\/\/old.mirus.at\/wp-content\/uploads\/2019\/08\/DSC00665.jpg\" data-attachment-id=\"1161\" class=\"fg-thumb\"><span class=\"fg-image-wrap\"><img src=\"https:\/\/old.mirus.at\/wp-content\/uploads\/cache\/2019\/08\/DSC00665\/3597612121.jpg\" height=\"300\" width=\"450\" class=\"skip-lazy fg-image\" \/><\/span><span class=\"fg-image-overlay\"><\/span><\/a><figcaption class=\"fg-caption\"><div class=\"fg-caption-inner\"><\/div><\/figcaption><\/figure><div class=\"fg-loader\"><\/div><\/div><div class=\"fg-item fg-type-image fg-loaded\"><figure class=\"fg-item-inner\"><a href=\"https:\/\/old.mirus.at\/wp-content\/uploads\/2019\/08\/DSC00671-4.jpg\" data-attachment-id=\"1191\" class=\"fg-thumb\"><span class=\"fg-image-wrap\"><img src=\"https:\/\/old.mirus.at\/wp-content\/uploads\/cache\/2019\/08\/DSC00671-4\/3024429913.jpg\" height=\"300\" width=\"450\" class=\"skip-lazy fg-image\" \/><\/span><span class=\"fg-image-overlay\"><\/span><\/a><figcaption class=\"fg-caption\"><div class=\"fg-caption-inner\"><\/div><\/figcaption><\/figure><div class=\"fg-loader\"><\/div><\/div><div class=\"fg-item fg-type-image fg-loaded\"><figure class=\"fg-item-inner\"><a href=\"https:\/\/old.mirus.at\/wp-content\/uploads\/2019\/08\/DSC00675-1.jpg\" data-attachment-id=\"1163\" class=\"fg-thumb\"><span class=\"fg-image-wrap\"><img src=\"https:\/\/old.mirus.at\/wp-content\/uploads\/cache\/2019\/08\/DSC00675-1\/703438658.jpg\" height=\"300\" width=\"200\" class=\"skip-lazy fg-image\" \/><\/span><span class=\"fg-image-overlay\"><\/span><\/a><figcaption class=\"fg-caption\"><div class=\"fg-caption-inner\"><\/div><\/figcaption><\/figure><div class=\"fg-loader\"><\/div><\/div><div class=\"fg-item fg-type-image fg-loaded\"><figure class=\"fg-item-inner\"><a href=\"https:\/\/old.mirus.at\/wp-content\/uploads\/2019\/08\/DSC00684.jpg\" data-attachment-id=\"1164\" class=\"fg-thumb\"><span class=\"fg-image-wrap\"><img src=\"https:\/\/old.mirus.at\/wp-content\/uploads\/cache\/2019\/08\/DSC00684\/3308535836.jpg\" height=\"300\" width=\"450\" class=\"skip-lazy fg-image\" \/><\/span><span class=\"fg-image-overlay\"><\/span><\/a><figcaption class=\"fg-caption\"><div class=\"fg-caption-inner\"><\/div><\/figcaption><\/figure><div class=\"fg-loader\"><\/div><\/div><div class=\"fg-item fg-type-image fg-loaded\"><figure class=\"fg-item-inner\"><a href=\"https:\/\/old.mirus.at\/wp-content\/uploads\/2019\/08\/DSC00692.jpg\" data-attachment-id=\"1165\" class=\"fg-thumb\"><span class=\"fg-image-wrap\"><img src=\"https:\/\/old.mirus.at\/wp-content\/uploads\/cache\/2019\/08\/DSC00692\/3417319503.jpg\" height=\"300\" width=\"450\" class=\"skip-lazy fg-image\" \/><\/span><span class=\"fg-image-overlay\"><\/span><\/a><figcaption class=\"fg-caption\"><div class=\"fg-caption-inner\"><\/div><\/figcaption><\/figure><div class=\"fg-loader\"><\/div><\/div><div class=\"fg-item fg-type-image fg-loaded\"><figure class=\"fg-item-inner\"><a href=\"https:\/\/old.mirus.at\/wp-content\/uploads\/2019\/08\/DSC00696.jpg\" data-attachment-id=\"1166\" class=\"fg-thumb\"><span class=\"fg-image-wrap\"><img src=\"https:\/\/old.mirus.at\/wp-content\/uploads\/cache\/2019\/08\/DSC00696\/4097556045.jpg\" height=\"300\" width=\"450\" class=\"skip-lazy fg-image\" \/><\/span><span class=\"fg-image-overlay\"><\/span><\/a><figcaption class=\"fg-caption\"><div class=\"fg-caption-inner\"><\/div><\/figcaption><\/figure><div class=\"fg-loader\"><\/div><\/div><div class=\"fg-item fg-type-image fg-loaded\"><figure class=\"fg-item-inner\"><a href=\"https:\/\/old.mirus.at\/wp-content\/uploads\/2019\/08\/DSC00712.jpg\" data-attachment-id=\"1167\" class=\"fg-thumb\"><span class=\"fg-image-wrap\"><img src=\"https:\/\/old.mirus.at\/wp-content\/uploads\/cache\/2019\/08\/DSC00712\/4227533830.jpg\" height=\"300\" width=\"450\" class=\"skip-lazy fg-image\" \/><\/span><span class=\"fg-image-overlay\"><\/span><\/a><figcaption class=\"fg-caption\"><div class=\"fg-caption-inner\"><\/div><\/figcaption><\/figure><div class=\"fg-loader\"><\/div><\/div><div class=\"fg-item fg-type-image fg-loaded\"><figure class=\"fg-item-inner\"><a href=\"https:\/\/old.mirus.at\/wp-content\/uploads\/2019\/08\/DSC00733.jpg\" data-attachment-id=\"1168\" class=\"fg-thumb\"><span class=\"fg-image-wrap\"><img src=\"https:\/\/old.mirus.at\/wp-content\/uploads\/cache\/2019\/08\/DSC00733\/552850885.jpg\" height=\"300\" width=\"450\" class=\"skip-lazy fg-image\" \/><\/span><span class=\"fg-image-overlay\"><\/span><\/a><figcaption class=\"fg-caption\"><div class=\"fg-caption-inner\"><\/div><\/figcaption><\/figure><div class=\"fg-loader\"><\/div><\/div><div class=\"fg-item fg-type-image fg-loaded\"><figure class=\"fg-item-inner\"><a href=\"https:\/\/old.mirus.at\/wp-content\/uploads\/2019\/08\/1567266402495-911491294.jpg\" data-attachment-id=\"1171\" class=\"fg-thumb\"><span class=\"fg-image-wrap\"><img src=\"https:\/\/old.mirus.at\/wp-content\/uploads\/cache\/2019\/08\/1567266402495-911491294\/174381209.jpg\" height=\"300\" width=\"400\" class=\"skip-lazy fg-image\" \/><\/span><span class=\"fg-image-overlay\"><\/span><\/a><figcaption class=\"fg-caption\"><div class=\"fg-caption-inner\"><\/div><\/figcaption><\/figure><div class=\"fg-loader\"><\/div><\/div><div class=\"fg-item fg-type-image fg-loaded\"><figure class=\"fg-item-inner\"><a href=\"https:\/\/old.mirus.at\/wp-content\/uploads\/2019\/08\/1567266417146-247007908.jpg\" data-attachment-id=\"1172\" class=\"fg-thumb\"><span class=\"fg-image-wrap\"><img src=\"https:\/\/old.mirus.at\/wp-content\/uploads\/cache\/2019\/08\/1567266417146-247007908\/3579314658.jpg\" height=\"300\" width=\"400\" class=\"skip-lazy fg-image\" \/><\/span><span class=\"fg-image-overlay\"><\/span><\/a><figcaption class=\"fg-caption\"><div class=\"fg-caption-inner\"><\/div><\/figcaption><\/figure><div class=\"fg-loader\"><\/div><\/div><div class=\"fg-item fg-type-image fg-loaded\"><figure class=\"fg-item-inner\"><a href=\"https:\/\/old.mirus.at\/wp-content\/uploads\/2019\/08\/1567266434417-924658878.jpg\" data-attachment-id=\"1173\" class=\"fg-thumb\"><span class=\"fg-image-wrap\"><img src=\"https:\/\/old.mirus.at\/wp-content\/uploads\/cache\/2019\/08\/1567266434417-924658878\/2608117051.jpg\" height=\"300\" width=\"400\" class=\"skip-lazy fg-image\" \/><\/span><span class=\"fg-image-overlay\"><\/span><\/a><figcaption class=\"fg-caption\"><div class=\"fg-caption-inner\"><\/div><\/figcaption><\/figure><div class=\"fg-loader\"><\/div><\/div><div class=\"fg-item fg-type-image fg-loaded\"><figure class=\"fg-item-inner\"><a href=\"https:\/\/old.mirus.at\/wp-content\/uploads\/2019\/08\/1567266555727-699597105.jpg\" data-attachment-id=\"1174\" class=\"fg-thumb\"><span class=\"fg-image-wrap\"><img src=\"https:\/\/old.mirus.at\/wp-content\/uploads\/cache\/2019\/08\/1567266555727-699597105\/435003255.jpg\" height=\"300\" width=\"400\" class=\"skip-lazy fg-image\" \/><\/span><span class=\"fg-image-overlay\"><\/span><\/a><figcaption class=\"fg-caption\"><div class=\"fg-caption-inner\"><\/div><\/figcaption><\/figure><div class=\"fg-loader\"><\/div><\/div><div class=\"fg-item fg-type-image fg-loaded\"><figure class=\"fg-item-inner\"><a href=\"https:\/\/old.mirus.at\/wp-content\/uploads\/2019\/08\/1567266570303-118223787.jpg\" data-attachment-id=\"1175\" class=\"fg-thumb\"><span class=\"fg-image-wrap\"><img src=\"https:\/\/old.mirus.at\/wp-content\/uploads\/cache\/2019\/08\/1567266570303-118223787\/2846273176.jpg\" height=\"300\" width=\"400\" class=\"skip-lazy fg-image\" \/><\/span><span class=\"fg-image-overlay\"><\/span><\/a><figcaption class=\"fg-caption\"><div class=\"fg-caption-inner\"><\/div><\/figcaption><\/figure><div class=\"fg-loader\"><\/div><\/div><div class=\"fg-item fg-type-image fg-loaded\"><figure class=\"fg-item-inner\"><a href=\"https:\/\/old.mirus.at\/wp-content\/uploads\/2019\/08\/1567266600269-1080792189.jpg\" data-attachment-id=\"1176\" class=\"fg-thumb\"><span class=\"fg-image-wrap\"><img src=\"https:\/\/old.mirus.at\/wp-content\/uploads\/cache\/2019\/08\/1567266600269-1080792189\/1962475528.jpg\" height=\"300\" width=\"400\" class=\"skip-lazy fg-image\" \/><\/span><span class=\"fg-image-overlay\"><\/span><\/a><figcaption class=\"fg-caption\"><div class=\"fg-caption-inner\"><\/div><\/figcaption><\/figure><div class=\"fg-loader\"><\/div><\/div><div class=\"fg-item fg-type-image fg-loaded\"><figure class=\"fg-item-inner\"><a href=\"https:\/\/old.mirus.at\/wp-content\/uploads\/2019\/08\/1567266623990-1746393067.jpg\" data-attachment-id=\"1177\" class=\"fg-thumb\"><span class=\"fg-image-wrap\"><img src=\"https:\/\/old.mirus.at\/wp-content\/uploads\/cache\/2019\/08\/1567266623990-1746393067\/922570434.jpg\" height=\"300\" width=\"400\" class=\"skip-lazy fg-image\" \/><\/span><span class=\"fg-image-overlay\"><\/span><\/a><figcaption class=\"fg-caption\"><div class=\"fg-caption-inner\"><\/div><\/figcaption><\/figure><div class=\"fg-loader\"><\/div><\/div><div class=\"fg-item fg-type-image fg-loaded\"><figure class=\"fg-item-inner\"><a href=\"https:\/\/old.mirus.at\/wp-content\/uploads\/2019\/08\/1567266671794-900971695.jpg\" data-attachment-id=\"1178\" class=\"fg-thumb\"><span class=\"fg-image-wrap\"><img src=\"https:\/\/old.mirus.at\/wp-content\/uploads\/cache\/2019\/08\/1567266671794-900971695\/2933017217.jpg\" height=\"300\" width=\"400\" class=\"skip-lazy fg-image\" \/><\/span><span class=\"fg-image-overlay\"><\/span><\/a><figcaption class=\"fg-caption\"><div class=\"fg-caption-inner\"><\/div><\/figcaption><\/figure><div class=\"fg-loader\"><\/div><\/div><div class=\"fg-item fg-type-image fg-loaded\"><figure class=\"fg-item-inner\"><a href=\"https:\/\/old.mirus.at\/wp-content\/uploads\/2019\/08\/1567266263850891342238.jpg\" data-attachment-id=\"1179\" class=\"fg-thumb\"><span class=\"fg-image-wrap\"><img src=\"https:\/\/old.mirus.at\/wp-content\/uploads\/cache\/2019\/08\/1567266263850891342238\/1066260590.jpg\" height=\"300\" width=\"225\" class=\"skip-lazy fg-image\" \/><\/span><span class=\"fg-image-overlay\"><\/span><\/a><figcaption class=\"fg-caption\"><div class=\"fg-caption-inner\"><\/div><\/figcaption><\/figure><div class=\"fg-loader\"><\/div><\/div><div class=\"fg-item fg-type-image fg-loaded\"><figure class=\"fg-item-inner\"><a href=\"https:\/\/old.mirus.at\/wp-content\/uploads\/2019\/08\/15672663705911921261483.jpg\" data-attachment-id=\"1180\" class=\"fg-thumb\"><span class=\"fg-image-wrap\"><img src=\"https:\/\/old.mirus.at\/wp-content\/uploads\/cache\/2019\/08\/15672663705911921261483\/2257841579.jpg\" height=\"300\" width=\"400\" class=\"skip-lazy fg-image\" \/><\/span><span class=\"fg-image-overlay\"><\/span><\/a><figcaption class=\"fg-caption\"><div class=\"fg-caption-inner\"><\/div><\/figcaption><\/figure><div class=\"fg-loader\"><\/div><\/div><div class=\"fg-item fg-type-image fg-loaded\"><figure class=\"fg-item-inner\"><a href=\"https:\/\/old.mirus.at\/wp-content\/uploads\/2019\/08\/15672664494931424682748.jpg\" data-attachment-id=\"1181\" class=\"fg-thumb\"><span class=\"fg-image-wrap\"><img src=\"https:\/\/old.mirus.at\/wp-content\/uploads\/cache\/2019\/08\/15672664494931424682748\/3142463746.jpg\" height=\"300\" width=\"400\" class=\"skip-lazy fg-image\" \/><\/span><span class=\"fg-image-overlay\"><\/span><\/a><figcaption class=\"fg-caption\"><div class=\"fg-caption-inner\"><\/div><\/figcaption><\/figure><div class=\"fg-loader\"><\/div><\/div><div class=\"fg-item fg-type-image fg-loaded\"><figure class=\"fg-item-inner\"><a href=\"https:\/\/old.mirus.at\/wp-content\/uploads\/2019\/08\/15672664918841501531301.jpg\" data-attachment-id=\"1182\" class=\"fg-thumb\"><span class=\"fg-image-wrap\"><img src=\"https:\/\/old.mirus.at\/wp-content\/uploads\/cache\/2019\/08\/15672664918841501531301\/2180312937.jpg\" height=\"300\" width=\"400\" class=\"skip-lazy fg-image\" \/><\/span><span class=\"fg-image-overlay\"><\/span><\/a><figcaption class=\"fg-caption\"><div class=\"fg-caption-inner\"><\/div><\/figcaption><\/figure><div class=\"fg-loader\"><\/div><\/div><div class=\"fg-item fg-type-image fg-loaded\"><figure class=\"fg-item-inner\"><a href=\"https:\/\/old.mirus.at\/wp-content\/uploads\/2019\/08\/156726651428520139186.jpg\" data-attachment-id=\"1183\" class=\"fg-thumb\"><span class=\"fg-image-wrap\"><img src=\"https:\/\/old.mirus.at\/wp-content\/uploads\/cache\/2019\/08\/156726651428520139186\/2497549086.jpg\" height=\"300\" width=\"400\" class=\"skip-lazy fg-image\" \/><\/span><span class=\"fg-image-overlay\"><\/span><\/a><figcaption class=\"fg-caption\"><div class=\"fg-caption-inner\"><\/div><\/figcaption><\/figure><div class=\"fg-loader\"><\/div><\/div><div class=\"fg-item fg-type-image fg-loaded\"><figure class=\"fg-item-inner\"><a href=\"https:\/\/old.mirus.at\/wp-content\/uploads\/2019\/08\/15672665253031921392397.jpg\" data-attachment-id=\"1184\" class=\"fg-thumb\"><span class=\"fg-image-wrap\"><img src=\"https:\/\/old.mirus.at\/wp-content\/uploads\/cache\/2019\/08\/15672665253031921392397\/371129168.jpg\" height=\"300\" width=\"225\" class=\"skip-lazy fg-image\" \/><\/span><span class=\"fg-image-overlay\"><\/span><\/a><figcaption class=\"fg-caption\"><div class=\"fg-caption-inner\"><\/div><\/figcaption><\/figure><div class=\"fg-loader\"><\/div><\/div><div class=\"fg-item fg-type-image fg-loaded\"><figure class=\"fg-item-inner\"><a href=\"https:\/\/old.mirus.at\/wp-content\/uploads\/2019\/08\/1567266578318473042615.jpg\" data-attachment-id=\"1185\" class=\"fg-thumb\"><span class=\"fg-image-wrap\"><img src=\"https:\/\/old.mirus.at\/wp-content\/uploads\/cache\/2019\/08\/1567266578318473042615\/1401334204.jpg\" height=\"300\" width=\"400\" class=\"skip-lazy fg-image\" \/><\/span><span class=\"fg-image-overlay\"><\/span><\/a><figcaption class=\"fg-caption\"><div class=\"fg-caption-inner\"><\/div><\/figcaption><\/figure><div class=\"fg-loader\"><\/div><\/div><div class=\"fg-item fg-type-image fg-loaded\"><figure class=\"fg-item-inner\"><a href=\"https:\/\/old.mirus.at\/wp-content\/uploads\/2019\/08\/1567266664708802294443.jpg\" data-attachment-id=\"1186\" class=\"fg-thumb\"><span class=\"fg-image-wrap\"><img src=\"https:\/\/old.mirus.at\/wp-content\/uploads\/cache\/2019\/08\/1567266664708802294443\/3167723956.jpg\" height=\"300\" width=\"225\" class=\"skip-lazy fg-image\" \/><\/span><span class=\"fg-image-overlay\"><\/span><\/a><figcaption class=\"fg-caption\"><div class=\"fg-caption-inner\"><\/div><\/figcaption><\/figure><div class=\"fg-loader\"><\/div><\/div><\/div>\r\n\n","protected":false},"excerpt":{"rendered":"<p>Das war&#8217;s auch schon wieder, heute war der letzte Tauchtag. Es war ein w\u00fcrdiges Ende, wir waren an zwei Pl\u00e4tzen,&hellip; <\/p>\n","protected":false},"author":1,"featured_media":0,"parent":0,"menu_order":0,"comment_status":"closed","ping_status":"closed","template":"","meta":{"spay_email":""},"_links":{"self":[{"href":"https:\/\/old.mirus.at\/index.php\/wp-json\/wp\/v2\/pages\/1169"}],"collection":[{"href":"https:\/\/old.mirus.at\/index.php\/wp-json\/wp\/v2\/pages"}],"about":[{"href":"https:\/\/old.mirus.at\/index.php\/wp-json\/wp\/v2\/types\/page"}],"author":[{"embeddable":true,"href":"https:\/\/old.mirus.at\/index.php\/wp-json\/wp\/v2\/users\/1"}],"replies":[{"embeddable":true,"href":"https:\/\/old.mirus.at\/index.php\/wp-json\/wp\/v2\/comments?post=1169"}],"version-history":[{"count":1,"href":"https:\/\/old.mirus.at\/index.php\/wp-json\/wp\/v2\/pages\/1169\/revisions"}],"predecessor-version":[{"id":1170,"href":"https:\/\/old.mirus.at\/index.php\/wp-json\/wp\/v2\/pages\/1169\/revisions\/1170"}],"wp:attachment":[{"href":"https:\/\/old.mirus.at\/index.php\/wp-json\/wp\/v2\/media?parent=1169"}],"curies":[{"name":"wp","href":"https:\/\/api.w.org\/{rel}","templated":true}]}}